601
List the prime factors of 182582.
2, 91291
List the prime factors of 123801.
3, 29, 1423
What are the prime factors of 901637?
11, 81967
List the prime factors of 1073497.
139, 7723
What are the prime factors of 37104194?
2, 179, 103643
What are the prime factors of 174258?
2, 3, 7, 461
List the prime factors of 6695237.
6695237
List the prime factors of 36644177.
673, 54449
List the prime factors of 98338.
2, 49169
What are the prime factors of 1047216?
2, 3, 21817
What are the prime factors of 24548?
2, 17, 19
List the prime factors of 1944602.
2, 11, 157, 563
List the prime factors of 3421319.
11, 23, 13523
List the prime factors of 207232.
2, 1619
List the prime factors of 1457583.
3, 389, 1249
What are the prime factors of 523063?
31, 47, 359
What are the prime factors of 4843636?
2, 7, 172987
What are the prime factors of 15794528?
2, 493579
What are the prime factors of 8086796?
2, 2021699
List the prime factors of 128327.
128327
What are the prime factors of 1557785?
5, 311557
What are the prime factors of 30045858?
2, 3, 5007643
List the prime factors of 465719.
37, 41, 307
List the prime factors of 6252374.
2, 3126187
What are the prime factors of 9062314?
2, 4531157
What are the prime factors of 86486?
2, 83, 521
List the prime factors of 12518331.
3, 7, 191, 3121
List the prime factors of 1600079.
13, 123083
What are the prime factors of 173219?
173219
List the prime factors of 1459378.
2, 729689
List the prime factors of 531179.
11, 43, 1123
What are the prime factors of 6110542?
2, 263, 11617
What are the prime factors of 807146?
2, 443, 911
List the prime factors of 2504958.
2, 3, 417493
What are the prime factors of 1092459?
3, 29, 433
What are the prime factors of 253584?
2, 3, 587
What are the prime factors of 6964977?
3, 47, 1051
List the prime factors of 21147801.
3, 107, 65881
What are the prime factors of 159238?
2, 103, 773
What are the prime factors of 4829141?
4829141
List the prime factors of 5167538.
2, 2583769
List the prime factors of 233637.
3, 47, 1657
What are the prime factors of 2716485?
3, 5, 97, 1867
What are the prime factors of 42656?
2, 31, 43
What are the prime factors of 22127552?
2, 19, 31, 587
What are the prime factors of 300852?
2, 3, 61, 137
What are the prime factors of 350501?
37, 9473
What are the prime factors of 2375443?
7, 137, 2477
List the prime factors of 715377.
3, 13, 17, 83
What are the prime factors of 430202?
2, 17, 12653
List the prime factors of 3918571.
3918571
List the prime factors of 12927931.
12927931
List the prime factors of 14096957.
7, 73, 563
List the prime factors of 4234631.
31, 136601
What are the prime factors of 11792372?
2, 173, 17041
List the prime factors of 1055128.
2, 131891
What are the prime factors of 23900?
2, 5, 239
List the prime factors of 2372103.
3, 263567
What are the prime factors of 1790720?
2, 5, 1399
What are the prime factors of 3419330?
2, 5, 109, 3137
What are the prime factors of 3596459?
883, 4073
What are the prime factors of 192936?
2, 3, 8039
What are the prime factors of 550884?
2, 3, 29, 1583
What are the prime factors of 305601?
3, 23, 43, 103
What are the prime factors of 11418804?
2, 3, 317189
What are the prime factors of 4037314?
2, 359, 5623
What are the prime factors of 12822172?
2, 11, 83, 3511
What are the prime factors of 4436713?
61, 72733
What are the prime factors of 83400?
2, 3, 5, 139
What are the prime factors of 8198892?
2, 3, 13, 17519
What are the prime factors of 773503?
107, 7229
List the prime factors of 407661.
3, 135887
List the prime factors of 2093887.
29, 103, 701
List the prime factors of 443561.
443561
What are the prime factors of 174616?
2, 13, 23, 73
What are the prime factors of 612243?
3, 59, 1153
List the prime factors of 3839766.
2, 3, 7, 91423
List the prime factors of 365256.
2, 3, 19, 89
List the prime factors of 2485332.
2, 3, 17, 31, 131
What are the prime factors of 1234905?
3, 5, 7, 19, 619
List the prime factors of 2714009.
2714009
List the prime factors of 4035730.
2, 5, 443, 911
What are the prime factors of 868614?
2, 3, 71, 2039
What are the prime factors of 167297?
13, 17, 757
What are the prime factors of 3361981?
7, 31, 15493
List the prime factors of 6575248.
2, 410953
What are the prime factors of 4205953?
17, 247409
List the prime factors of 2651740.
2, 5, 7, 13, 31, 47
List the prime factors of 3653461.
7, 521923
What are the prime factors of 9625652?
2, 41, 58693
What are the prime factors of 354599?
7, 179, 283
List the prime factors of 4764942.
2, 3, 7, 13, 2909
List the prime factors of 1088632.
2, 41, 3319
What are the prime factors of 34692861?
3, 7, 131, 12611
What are the prime factors of 15834938?
2, 7, 41, 563
List the prime factors of 4623111.
3, 513679
List the prime factors of 5691653.
11, 47, 101, 109
List the prime factors of 3064273.
227, 13499
What are the prime factors of 30269262?
2, 3, 5044877
What are the prime factors of 12870579?
3, 4290193
What are the prime factors of 5482867?
13, 32443
What are the prime factors of 1602743?
17, 29, 3251
What are the prime factors of 243554?
2, 47, 2591
List the prime factors of 1639681.
19, 211, 409
List the prime factors of 324577.
11, 19, 1553
What are the prime factors of 14703944?
2, 191, 9623
List the prime factors of 2028678.
2, 3, 17, 19889
What are the prime factors of 212040?
2, 3, 5, 19, 31
List the prime factors of 3990152.
2, 19, 26251
List the prime factors of 620945.
5, 13, 41, 233
What are the prime factors of 15392480?
2, 5, 17, 5659
What are the prime factors of 659553?
3, 219851
What are the prime factors of 898673?
898673
What are the prime factors of 2105269?
2105269
What are the prime factors of 40026?
2, 3, 7, 953
What are the prime factors of 7039363?
7039363
What are the prime factors of 3878529?
3, 1292843
What are the prime factors of 2113907?
23, 91909
List the prime factors of 5132546.
2, 19, 31, 4357
What are the prime factors of 4943020?
2, 5, 59, 71
What are the prime factors of 705873?
3, 7, 33613
List the prime factors of 152119.
11, 13829
List the prime factors of 8591152.
2, 536947
What are the prime factors of 258466?
2, 13, 9941
List the prime factors of 294993.
3, 73, 449
What are the prime factors of 1745929?
19, 43, 2137
What are the prime factors of 109962?
2, 3, 41, 149
List the prime factors of 4933552.
2, 13, 23719
What are the prime factors of 28435?
5, 11, 47
What are the prime factors of 4143776?
2, 7, 13, 1423
List the prime factors of 13232523.
3, 4410841
What are the prime factors of 82918?
2, 11, 3769
What are the prime factors of 2994989?
19, 283, 557
List the prime factors of 14680281.
3, 7, 11, 103, 617
What are the prime factors of 542133?
3, 23, 97
List the prime factors of 1097283.
3, 11, 41, 811
List the prime factors of 102516.
2, 3, 8543
What are the prime factors of 19026057?
3, 67, 103, 919
List the prime factors of 7099534.
2, 13, 273059
List the prime factors of 8558721.
3, 19, 50051
What are the prime factors of 1550955?
3, 5, 7, 14771
List the prime factors of 9838708.
2, 11, 53, 4219
List the prime factors of 1519187.
71, 21397
What are the prime factors of 797276?
2, 37, 5387
What are the prime factors of 917092?
2, 11, 19, 1097
List the prime factors of 1338.
2, 3, 223
List the prime factors of 23070374.
2, 683, 16889
What are the prime factors of 187398?
2, 3, 29, 359
List the prime factors of 382493.
382493
List the prime factors of 14545144.
2, 37, 49139
What are the prime factors of 545322?
2, 3, 90887
What are the prime factors of 4398986?
2, 43, 51151
List the prime factors of 458475.
3, 5, 6113
List the prime factors of 2561256.
2, 3, 35573
List the prime factors of 58392.
2, 3, 811
What are the prime factors of 338276?
2, 19, 4451
What are the prime factors of 12643023?
3, 139, 30319
List the prime factors of 4862022.
2, 3, 11, 37, 181
List the prime factors of 352942.
2, 109, 1619
What are the prime factors of 2864519?
7, 409217
What are the prime factors of 535746?
2, 3, 29, 3079
What are the prime factors of 14405104?
2, 7, 41, 3137
List the prime factors of 2569883.
19, 135257
What are the prime factors of 29635523?
23, 59, 21839
List the prime factors of 929798.
2, 17, 23, 29, 41
What are the prime factors of 230587?
7, 32941
What are th